at is -11264 + 3?
-11261
In base 2, what is -1001010011000011 - -10111?
-1001010010101100
In base 12, what is 1363 + -55?
130a
In base 2, what is -10111111101000011 - -101?
-10111111100111110
In base 3, what is -112021 - 100102?
-212200
In base 14, what is -6 - 74b8?
-74c0
In base 8, what is -202242 - 5?
-202247
In base 14, what is -6a73 + -a?
-6a7d
In base 15, what is 0 - -11b4d?
11b4d
In base 3, what is 1101011201 - 12?
1101011112
In base 2, what is -111000110011110 - -11?
-111000110011011
In base 12, what is -149a2 + 5?
-14999
In base 15, what is 9a - -216?
2b1
In base 9, what is 5671 + 2?
5673
In base 9, what is -254537 + 5?
-254532
In base 12, what is 2 - -15355?
15357
In base 12, what is 862 - 20?
842
In base 14, what is -d5 + 23bb?
22c6
In base 14, what is -3b2 + 40c?
3a
In base 2, what is 11 + -10110001101000?
-10110001100101
In base 10, what is -4 - -627235?
627231
In base 11, what is 2 - 53942?
-53940
In base 12, what is 9b - 6059?
-5b7a
In base 13, what is -3 + 267c1?
267bb
In base 13, what is 1 + -31b10?
-31b0c
In base 10, what is -10332 - 25?
-10357
In base 16, what is 932 + -13f?
7f3
In base 13, what is -341 - 3?
-344
In base 14, what is 10db7 - 4?
10db3
In base 5, what is 1301302 - 1?
1301301
In base 4, what is -1033 - -103101?
102002
In base 16, what is -c + -5561?
-556d
In base 7, what is -2414204 - -1?
-2414203
In base 10, what is 1327 - -113?
1440
In base 16, what is 3 + 7f19?
7f1c
In base 10, what is -5 + -1847?
-1852
In base 2, what is 10 + -101000010101011?
-101000010101001
In base 7, what is 0 + 42554?
42554
In base 13, what is -8b - 3c1?
-47c
In base 8, what is -5145 + -767?
-6134
In base 5, what is 4 + -3121034?
-3121030
In base 2, what is 101000 + 11100000110101?
11100001011101
In base 15, what is -2 + -15811?
-15813
In base 6, what is 121322 - 4?
121314
In base 16, what is 4d - a2?
-55
In base 15, what is 324da + -2?
324d8
In base 2, what is 101 + 11101000011000100?
11101000011001001
In base 3, what is 22010022 - -101?
22010200
In base 12, what is -94 - -b2?
1a
In base 12, what is 694 + -220?
474
In base 13, what is 4c6b + 4?
4c72
In base 12, what is -2878a + 4?
-28786
In base 3, what is -22122 + -2222?
-102121
In base 12, what is 3a11 + 98?
3aa9
In base 14, what is -5 - -15470?
15469
In base 6, what is 140 - 22223?
-22043
In base 7, what is -133064 + 4?
-133060
In base 2, what is 111110 - 1101010110010?
-1101001110100
In base 15, what is -18d0 + -2?
-18d2
In base 15, what is 1796a - -22?
1798c
In base 11, what is 3185 - -15?
319a
In base 5, what is 3 - 424102?
-424044
In base 13, what is 3 - -3c91?
3c94
In base 5, what is 304202 + -24?
304123
In base 8, what is -31712 + -4?
-31716
In base 2, what is -1011110101010010 - 101?
-1011110101010111
In base 4, what is 30 - 1232310?
-1232220
In base 5, what is 1030233303 + -1?
1030233302
In base 11, what is 20 + 23a7?
2417
In base 13, what is 1804 - 245?
158c
In base 15, what is -4 + -ddd4?
-ddd8
In base 14, what is 109134 - 5?
10912d
In base 14, what is -3 - 2298?
-229b
In base 5, what is -2021031113 + -3?
-2021031121
In base 9, what is 4 - 318003?
-317888
In base 7, what is 10433 + -2?
10431
In base 15, what is -754 - 99?
-7ed
In base 4, what is -1012211 - 11?
-1012222
In base 5, what is 134 - 3314?
-3130
In base 2, what is -101011001 + -11101110?
-1001000111
In base 10, what is -319 + 72?
-247
In base 2, what is 10000 + 1101011001110?
1101011011110
In base 12, what is 24 + 41?
65
In base 4, what is -1 + -101130101?
-101130102
In base 6, what is 11 + 155112?
155123
In base 13, what is -5 + 13949?
13944
In base 9, what is 28083 + 4?
28087
In base 4, what is 2 + -310011?
-310003
In base 11, what is -4 - 16717?
-16720
In base 8, what is -204 + 35?
-147
In base 11, what is -861 + -13?
-874
In base 13, what is -8 - -14067?
1405c
In base 2, what is 100000111 + -100101011100000?
-100100111011001
In base 13, what is 3b - 2c?
c
In base 12, what is 630 + -1a?
612
In base 10, what is 6693 - 35?
6658
In base 12, what is 7bb81 - 4?
7bb79
In base 2, what is 1000010100 - -110000110101?
111001001001
In base 12, what is -2 + -1685?
-1687
In base 5, what is 333344 - 3?
333341
In base 16, what is -a - -1d45?
1d3b
In base 4, what is 2 + 1101113223?
1101113231
In base 16, what is -b + -3a2?
-3ad
In base 7, what is -2530 - 10466?
-13326
In base 11, what is -118 + 938?
820
In base 4, what is 12232 + -3212?
3020
In base 5, what is 314 - 23131?
-22312
In base 2, what is 100011110 + 1001110110?
1110010100
In base 2, what is -101001010 - -100111111?
-1011
In base 5, what is 132310 + 3302?
141112
In base 15, what is -743 + 3e1?
-352
In base 11, what is -2 - 2a400?
-2a402
In base 5, what is 11 - -13232301?
13232312
In base 7, what is -665533 + -1?
-665534
In base 6, what is -143 + -43335?
-43522
In base 9, what is 0 - -165700?
165700
In base 15, what is 134bb7 - -3?
134bba
In base 9, what is 50013 - 44?
48858
In base 5, what is 42122 + 11400?
104022
In base 8, what is 352311 - 1?
352310
In base 16, what is -ad + ed?
40
In base 9, what is 8 + -452367?
-452358
In base 5, what is 12430030 + -1?
12430024
In base 2, what is -100110111010101 + -11?
-100110111011000
In base 14, what is -1969 - 4?
-196d
In base 13, what is 14 - 5286?
-5272
In base 6, what is 4 - -1044012?
1044020
In base 16, what is -d + 610?
603
In base 9, what is -2642 - 0?
-2642
In base 9, what is 0 - -1028772?
1028772
In base 4, what is 11332121133 - -1?
11332121200
In base 14, what is -1173707 + -5?
-117370c
In base 13, what is 21972 + 5?
21977
In base 16, what is -2edc39 - 1?
-2edc3a
In base 12, what is 4699 + 21?
46ba
In base 6, what is 5 - 34010?
-34001
In base 16, what is -bd6 - 46?
-c1c
In base 15, what is 0 + -17d6?
-17d6
In base 2, what is -10101001010111101011 - -100?
-10101001010111100111
In base 9, what is 1 - 44276?
-44275
In base 4, what is -1122 + 113223?
112101
In base 8, what is 405344 + 10?
405354
In base 7, what is -151465 - -5?
-151460
In base 9, what is -5 - -625825?
625820
In base 12, what is 94737 - -5?
94740
In base 5, what is -2223111 - -41?
-2223020
In base 13, what is 14 + 2422?
2436
In base 3, what is -1101112122 + 11?
-1101112111
In base 12, what is a89 - 804?
285
In base 4, what is -2 - 1033222223?
-1033222231
In base 2, what is -1111111101 + 1011?
-1111110010
In base 11, what is -522 + 1546?
1024
In base 11, what is -4 + -39996?
-3999a
In base 12, what is 6b98 - -4a?
7026
In base 9, what is -4 + -17660?
-17664
In base 3, what is -220201 + 122?
-220002
In base 8, what is 270072 - -5?
270077
In base 10, what is 581251 + -1?
581250
In base 7, what is 152422 - -130?
152552
In base 11, what is -178 - 4?
-181
In base 4, what is -1233 - 1031110?
-1033003
In base 5, what is -441 + 22401?
21410
In base 3, what is -12 + -121112210000?
-121112210012
In base 3, what is 10 - -121200110112?
121200110122
In base 12, what is 1 - -14b7a?
14b7b
In base 5, what is 3 - -1003332?
1003340
In base 7, what is -5622 - 3?
-5625
In base 5, what is 232 + -301303?
-301021
In base 2, what is -101100001011 + -11001?
-101100100100
In base 12, what is 2 + -1374ba?
-1374b8
In base 11, what is 554597 + 0?
554597
In base 12, what is 11b + a049?
a168
In base 13, what is 0 - -896?
896
In base 8, what is -5760 - 50?
-6030
In base 14, what is -1b255 - 3?
-1b258
In base 16, what is -2 + -db73?
-db75
In base 8, what is 3 + -11073?
-11070
In base 14, what is -2c8 - -4?
-2c4
In base 2, what is 10 + 11001101101100110?
11001101101101000
In base 11, what is -1 + 3336?
3335
In base 10, what is -1181 - -20?
-1161
In base 14, what is 421c + -5?
4217
In base 10, what is 9 - 92589?
-92580
In base 9, what is 0 - -11721?
11721
In base 14, what is -352c4 + 1?
-352c3
In base 6, what is 14 - -5524502?
5524520
In base 12, what is 5b8 - -62?
65a
In base 5, what is -4044 + -4?
-4103
In base 15, what is -153 + -15e?
-2b2
In base 14, what is -c27 - -2b?
-bda
In base 13, what is 1b3 - 51?
162
In base 4, what is -12 + -1210?
-1222
In base 4, what is -20 + -1322331?
-1323011
In base 10, what is -7646 + 18?
-7628
In base 14, what is 60 + -28c?
-22c
In base 9, what is -5 + 86350?
86344
In base 11, what is -a616 - -20?
-a5a6
In base 9, what is -1 + 3045210?
3045208
In base 16, what is 3b + 1272?
12ad
In base 10, what is 16248 - -13?
16261
In base 11, what is -70 - 184?
-